 -170*j + 48. Let m(l) = 2*a(l) - 11*g(l). List the prime factors of m(p).
31
Let b(o) = o**2 - 7*o - 4. Let m be b(8). Let z(k) = -1 + 4 - 2 + m*k. List the prime factors of z(2).
3
Suppose -13*d + 3352 + 1757 = 0. Let s = -194 + d. List the prime factors of s.
199
Suppose 0 = 4*b - 661 - 527. What are the prime factors of b?
3, 11
Suppose -5*p - 49 = l, -p + 2*l + 2 - 3 = 0. Let s(d) = -10*d - 9. Let a be s(p). Suppose -5*h - c = -3*c - a, -5*c - 60 = -3*h. List the prime factors of h.
3, 5
Let f = -882 + 1493. Let j = -362 + f. What are the prime factors of j?
3, 83
Let f(q) = q**3 + 16*q**2 - 9*q + 4. Let o be f(-16). Suppose -3*d + 113 = 5*m, 4*m + 0 - o = -4*d. What are the prime factors of d?
2, 3
List the prime factors of (-739)/(-5)*(-8)/((-56)/35).
739
Let a(x) = -x**3 + 7*x**2 - 7*x - 8. Let s be a(6). Let g(c) = c**2 + 16*c + 14. Let v be g(s). List the prime factors of 231/(-22)*48/v.
2, 3
Suppose -3393 + 1003 = -10*m. List the prime factors of m.
239
Suppose 3*v - 8*v = -50. Suppose 0 = -v*n + 8*n + 116. List the prime factors of n.
2, 29
Suppose 0*p - 4*u = p - 24, -32 = -5*p + 2*u. Let n = p - 6. Suppose n*j = -2 + 6. List the prime factors of j.
2
Let p(s) = s**3 + 32*s**2 + 135*s + 26. List the prime factors of p(-24).
2, 17, 41
Let h be 3/((-6)/28) - -2. Let p be h/1 + 6/2. What are the prime factors of (-267)/p - 4/6?
29
Suppose 3*h - 15 = -0. Let x(z) = 8*z**2 - 5*z - 1. What are the prime factors of x(h)?
2, 3, 29
Let t be 5/10*10/1. Suppose -t*r = -z - 0*z - 23, -4 = -2*r. Let f = z + 36. List the prime factors of f.
23
Suppose 187775 = 153*j - 8*j. List the prime factors of j.
5, 7, 37
Let o = -21 + 23. Let y = o + 81. List the prime factors of y.
83
Suppose 22*q + 3 = 25*q. List the prime factors of 485*(-4)/(-16) - q/4.
11
Let d = 394 + -261. Let o = -43 + d. What are the prime factors of o?
2, 3, 5
Let b(x) = 26*x**3 + 6*x**2 + 3*x + 7. What are the prime factors of b(5)?
2, 29, 59
Let n = -12 + 14. Suppose -t = 4*k - 10, n*k - t = 8 - 0. Suppose p = k*p - 28. List the prime factors of p.
2, 7
Let i(u) = -189*u - 773. What are the prime factors of i(-7)?
2, 5, 11
Let z = -8 + 12. Let q = 0 + z. What are the prime factors of (2/q)/(2/100)?
5
Let b = -36 + 21. Let x be 3/(-6) + b/(-6). List the prime factors of (-2)/x + 8 + 1.
2
Suppose -5 = -6*v + v. Suppose -3*u = -v - 26. Let w = u - -17. What are the prime factors of w?
2, 13
List the prime factors of -3*1*(-139 + -4 + -6).
3, 149
Let o(t) = -t**3 - 17*t - 7. List the prime factors of o(-9).
5, 7
Suppose -7*k - 4*c = -12*k + 9418, 5*k + 3*c = 9439. What are the prime factors of k?
2, 23, 41
Let u = -3 + 3. Let p(w) = -w**3 - 3*w + 37. Let z be p(0). Suppose u = -i - 0*i + z. What are the prime factors of i?
37
Let n(m) = m + 12. Let q be n(-7). Suppose -q*o + 24 = -3*o. List the prime factors of 98*-3*(-2)/o.
7
What are the prime factors of -7 + (-16876)/(-36) - (-10)/45?
2, 3, 7, 11
Let q(z) = -z**2 + 10*z + 14. Let x be q(10). Suppose x*f + 9 = 15*f. Let d = 61 - f. What are the prime factors of d?
2, 13
Let k be -1*(-3)/12 + (-65)/20. What are the prime factors of 36 + k + (-12)/(-6)?
5, 7
Let m = -185 + 293. List the prime factors of 3/9*m/4.
3
Suppose 17*n - 12*n - 780 = 0. Let l = -77 + n. What are the prime factors of l?
79
Suppose 0 = -3*g + 5 + 4. Let f(n) = n**2 - 16*n - 12. Let j be f(16). Let o = g - j. What are the prime factors of o?
3, 5
Let y = -17 + 24. Suppose -y = -6*h + 5*h. Suppose -4*b + h*b = 54. List the prime factors of b.
2, 3
Let f = 79 - -329. Suppose -2*m + n = -n - f, m - 202 = 2*n. What are the prime factors of m?
2, 103
Suppose -3*x - 10 = -4*x. Suppose -9*j + x*j = 30. Let q = j + -12. List the prime factors of q.
2, 3
Let d = 395 + -255. Suppose d = -n + 6*n + 3*a, 4*a + 112 = 4*n. What are the prime factors of n?
2, 7
Let x = -152 + 150. Suppose 0*p + 12 = -2*p. What are the prime factors of x/4 - 57/p?
3
Suppose 2*m + 5*d + 32 = -m, 8 = -2*d. Let z be ((-24)/(-18))/(m/(-18)). Let v = z + 17. List the prime factors of v.
23
Let c(u) = -11*u - 2. Let r = 4 + 6. Suppose v + r - 7 = 0. What are the prime factors of c(v)?
31
Suppose 16*c = 458 + 166. Suppose -g = -4*g + 228. Let k = g - c. List the prime factors of k.
37
Let t(j) = 6*j**2 - 50*j + 9. What are the prime factors of t(9)?
3, 5
Suppose -2*r + 7*j = 3*j - 28, j - 29 = -4*r. Let t be (2 + (-20)/r)*14. List the prime factors of ((-96)/(-28))/((-1)/t).
2, 3
Let o = 71 + -55. Let z = o + 58. List the prime factors of z.
2, 37
Suppose -5*i + 139 + 151 = 0. What are the prime factors of i?
2, 29
Let n be 7 + 2 + -1*6. Suppose -n*w + 62 = -w. List the prime factors of w.
31
Suppose -10*u + 1117 = -7*u + 2*h, -5*u + 1891 = -4*h. List the prime factors of u.
3, 5
Let k(b) = 59*b**3 + 4*b**2 + b - 14. List the prime factors of k(2).
2, 7, 17
Let a(u) = u**3 + 8*u**2 - 2*u - 4. Let r = 21 + -28. What are the prime factors of a(r)?
59
Suppose 3*n = 2*d - 12, 4*d - 3*n + 5*n = -8. List the prime factors of d - (-139)/5 - 2/(-10).
2, 7
Let o(l) = -l + 8*l**3 + 3*l**3 + l**3 + 1. Let x be 3/(1 - 4) - -2. List the prime factors of o(x).
2, 3
Let s be 1*(0 - 0) + 4. Suppose 0 = -3*b + 3 - 12, 0 = -3*h + 3*b + 198. Suppose -s*i - h = -207. List the prime factors of i.
2, 3
Suppose 4*z - 3*l - 3946 = 0, -l = -5 + 3. List the prime factors of z.
2, 13, 19
Let v(h) = -2*h - 7. Suppose -3*b - l - 72 = 0, -4*b + 3*b - 20 = -l. Let f = b - -17. List the prime factors of v(f).
5
Let v(q) be the second derivative of q**4/12 - q**3/3 + q**2/2 + 6*q. Let n be v(3). Suppose 0 = -n*f + 110 + 22. List the prime factors of f.
3, 11
Suppose -a - 4831 = -5*b, 8*a - 4*a + 1918 = 2*b. What are the prime factors of b?
967
Let o(w) = -25*w - 106. What are the prime factors of o(-11)?
13
What are the prime factors of 1/(-3) - (6916/(-12) + -1)?
577
Let u(l) = 444*l**2 + 3*l - 3. What are the prime factors of u(1)?
2, 3, 37
List the prime factors of 1372556/403 - 2/(-13).
2, 13, 131
What are the prime factors of ((-26)/(-39))/((-6)/(-8838))?
2, 491
Suppose 0 = d - w - 253, -2*d + 4*d + 5*w - 534 = 0. What are the prime factors of d?
257
Let f be ((-8)/(-6))/(6/(-18)). Suppose 0 = -m - 5*k - 16, 5*k = -5*m + 23 - 3. List the prime factors of (m*f/(-6))/2.
3
Let t be 1 + (-32)/2*1. Let w(k) = k**3 - 7*k**2 + 4*k + 2. Let r be w(5). Let b = t - r. What are the prime factors of b?
13
Let b(h) be the third derivative of h**5/30 - h**4/4 - h**3/2 - 5*h**2. List the prime factors of b(8).
7, 11
Let l be -12*((-65)/15 - -1). Let d = l + -37. What are the prime factors of d?
3
Let o = -2227 + 5036. What are the prime factors of o?
53
Let u = -29 + 43. Let c(s) = s**2 - 11*s + 16. Let b be c(7). Let q = u + b. List the prime factors of q.
2
Suppose 2356 = -9*p + 6451. List the prime factors of p.
5, 7, 13
Let l(s) = s**2 - s. Let z be l(-2). Let j(v) be the second derivative of v**3/6 + 11*v**2/2 - 2*v - 30. What are the prime factors of j(z)?
17
Suppose -975 - 225 = -3*n. Suppose -4*f + 15 = -f, 0 = -5*m + 2*f + n. What are the prime factors of m?
2, 41
Let z be (-73 - 0)*(9 + -8). Let j = 125 + z. List the prime factors of j.
2, 13
Suppose -2*o + 1495 = -11*l + 6*l, 0 = -3*o + l + 2210. List the prime factors of o.
3, 5, 7
Suppose 5*d + 5 = 5*j, 20 = -j + 5*d + 5. Suppose j*o = -9 - 1. Let k(g) = -3*g**3 - 5*g**2 - 5*g - 1. List the prime factors of k(o).
13
Let d(v) = 13*v**2 + v - 3. Let g be d(3). Let w = -61 + g. What are the prime factors of w?
2, 7
Let d(u) = -u**3 - 9*u**2 + 6*u - 10. Let i be d(-8). Let c = 420 + i. List the prime factors of c.
2, 149
Let w(k) = k**3 - 11*k**2 - 14*k - 22. Suppose 4*j - h = 53, h + 11 = j - 3. List the prime factors of w(j).
2, 67
Let q be (-3 - (4 - 9))/2. What are the prime factors of -1 + -1 - (-169 - -1 - q)?
167
Let d(p) = p**2 - 14*p + 58. List the prime factors of d(18).
2, 5, 13
Suppose -27*f + 26*f - 53 = 0. Let v = 110 - f. What are the prime factors of v?
163
Suppose -34*l + 29*l = -285. Suppose 2*k - l + 483 = 3*a, 5*k = a - 142. List the prime factors of a.
2, 71
Suppose -4*w - 425 = 2*f - 1355, 0 = w + 3*f - 230. What are the prime factors of w?
233
Let z = 2009 + -707. What are the prime factors of z?
2, 3, 7, 31
List the prime factors of 2/7 + 10/(-14)*-883.